is 3bf (base 16) in base 12?
67b
Convert -495 (base 11) to base 5.
-4323
-a0c (base 14) to base 5
-30342
What is 9b7 (base 15) in base 4?
202111
-1331155 (base 6) to base 15
-16e8e
Convert 10111111 (base 2) to base 4.
2333
Convert -2d60 (base 16) to base 4.
-2311200
-8732 (base 9) to base 6
-45432
Convert 5e (base 16) to base 5.
334
-1838 (base 9) to base 7
-4055
Convert 102011 (base 3) to base 14.
177
4575 (base 14) to base 12
6b8b
Convert -32730 (base 8) to base 12.
-7b88
Convert -8900 (base 10) to base 12.
-5198
Convert 2324 (base 14) to base 6.
44140
-39 (base 12) to base 16
-2d
3323322 (base 5) to base 13
204c8
What is 203230 (base 7) in base 6?
424534
12310 (base 6) to base 8
3462
Convert -102020201 (base 3) to base 4.
-2000020
Convert 2067 (base 8) to base 15.
4be
5224 (base 13) to base 12
66a1
Convert -35598 (base 12) to base 5.
-4243214
What is -5880 (base 14) in base 4?
-3300220
What is -12449 (base 11) in base 12?
-a3a8
Convert -730 (base 8) to base 16.
-1d8
-3023 (base 9) to base 13
-100b
-313321 (base 4) to base 2
-110111111001
What is 2014 (base 7) in base 5?
10242
111111100110001 (base 2) to base 14
bc1b
11140 (base 12) to base 3
1011002010
-2ca (base 14) to base 9
-703
Convert 443 (base 10) to base 8.
673
360 (base 10) to base 8
550
What is -3660 (base 9) in base 10?
-2727
525 (base 15) to base 4
102020
Convert 303130 (base 4) to base 11.
2523
What is -1e6d (base 15) in base 16?
-19e4
Convert d49 (base 15) to base 6.
21510
-22211021 (base 3) to base 8
-14441
Convert 2103 (base 4) to base 13.
b4
What is -354 (base 12) in base 3?
-200101
154 (base 14) to base 5
2040
-110000001100 (base 2) to base 4
-300030
Convert 3002 (base 4) to base 16.
c2
2766 (base 10) to base 6
20450
5531 (base 7) to base 12
1192
Convert -474 (base 10) to base 2.
-111011010
-101011101100001 (base 2) to base 3
-1010200111
Convert 427 (base 16) to base 11.
887
-c324 (base 15) to base 5
-2304314
Convert ba56 (base 12) to base 14.
7694
What is -13422 (base 5) in base 11?
-921
15145 (base 7) to base 10
4198
-1400 (base 5) to base 14
-121
What is -8b4 (base 16) in base 9?
-3045
What is -1724 (base 11) in base 15?
-9be
Convert 6bd6 (base 14) to base 12.
aa74
Convert 14a78 (base 15) to base 5.
4111423
766 (base 16) to base 3
2121011
-249 (base 14) to base 4
-13021
What is 4013 (base 13) in base 11?
6684
What is 1010001110 (base 2) in base 8?
1216
-579 (base 13) to base 3
-1022000
Convert -1202212 (base 4) to base 6.
-45114
1c7a (base 14) to base 2
1010001010100
4390 (base 12) to base 16
1d1c
Convert 137 (base 14) to base 3.
100002
-10907 (base 11) to base 15
-49e2
-a84 (base 14) to base 5
-31301
-2113 (base 12) to base 16
-e1f
What is -1001001101011 (base 2) in base 9?
-6418
Convert 6a5 (base 11) to base 16.
349
Convert -13650 (base 13) to base 12.
-18b73
-3340 (base 6) to base 14
-3da
What is 96b8 (base 15) in base 6?
403402
Convert -1341 (base 12) to base 13.
-100c
2a1 (base 14) to base 7
1361
Convert 2845 (base 11) to base 16.
e5f
What is -123200 (base 4) in base 13?
-a55
1656 (base 13) to base 8
6322
7a03 (base 12) to base 10
13539
What is -10011010110 (base 2) in base 7?
-3416
What is 1111010110 (base 2) in base 10?
982
-2986 (base 12) to base 5
-123404
Convert -2000022 (base 4) to base 8.
-20012
What is -217a (base 11) in base 13?
-13ca
What is 176 (base 14) in base 4?
10230
Convert 6298 (base 16) to base 13.
b647
1101121 (base 5) to base 11
13232
Convert -2a44 (base 12) to base 15.
-16ed
What is -10111100001101 (base 2) in base 13?
-5637
Convert -177 (base 13) to base 3.
-100220
Convert 17 (base 9) to base 10.
16
7d3e (base 15) to base 3
1100111112
What is 2900 (base 10) in base 9?
3872
What is -336 (base 15) in base 9?
-886
Convert 91b (base 14) to base 8.
3375
What is 1040 (base 7) in base 2?
101110011
What is 265 (base 11) in base 5?
2223
Convert -1150 (base 9) to base 11.
-708
Convert 21033031 (base 4) to base 8.
111715
What is 2221 (base 6) in base 12?
371
What is 141441 (base 5) in base 7?
23055
What is 555 (base 7) in base 11?
23a
5544 (base 6) to base 12
8b4
424 (base 10) to base 14
224
-143132 (base 5) to base 12
-35b6
32203222 (base 4) to base 10
59626
456 (base 11) to base 16
221
What is 2202041 (base 5) in base 2?
1001001110001011
Convert 41343 (base 5) to base 6.
20335
Convert -881 (base 14) to base 15.
-771
-121624 (base 7) to base 9
-33477
What is -191 (base 14) in base 6?
-1255
What is 18a (base 15) in base 4?
11203
What is -4519 (base 14) in base 13?
-55b6
What is 11058 (base 13) in base 7?
155613
Convert 354c (base 13) to base 6.
54420
What is 4378 (base 9) in base 11?
2477
-16d8 (base 15) to base 11
-3780
Convert 2523 (base 7) to base 13.
57c
What is 11749 (base 12) in base 9?
35243
What is 435 (base 6) in base 13?
cb
Convert -123111 (base 7) to base 12.
-11173
Convert -412531 (base 6) to base 3.
-1200022101
What is -210221000 (base 3) in base 12?
-9300
102 (base 12) to base 7
266
-162b (base 13) to base 4
-302300
-4602 (base 9) to base 16
-d4c
What is -134 (base 16) in base 13?
-1a9
Convert 171 (base 13) to base 15.
126
What is -668 (base 10) in base 8?
-1234
Convert -400 (base 5) to base 2.
-1100100
What is -1856 (base 12) in base 8?
-5602
What is 100011010001 (base 2) in base 7?
6403
What is -102123 (base 6) in base 14?
-301d
18bb (base 12) to base 2
101111001111
Convert -2466 (base 11) to base 7.
-12245
-3130 (base 5) to base 13
-25c
What is 26020 (base 7) in base 13?
318a
What is 2624 (base 10) in base 5?
40444
What is 143a (base 13) in base 14?
10ca
Convert 250 (base 12) to base 6.
1340
Convert -22a8 (base 13) to base 16.
-1306
What is 932 (base 10) in base 5?
12212
Convert -2335 (base 10) to base 5.
-33320
a721 (base 11) to base 6
145352
Convert -1452 (base 6) to base 4.
-12020
What is -4255 (base 6) in base 14?
-4d5
What is 114654 (base 7) in base 11?
14792
-25202 (base 6) to base 12
-2202
What is -1365 (base 7) in base 11?
-449
-659 (base 12) to base 5
-12213
-593 (base 14) to base 9
-1462
What is -875c (base 13) in base 12?
-aa98
Convert -4522 (base 7) to base 2.
-11001100001
Convert 5a7 (base 13) to base 2.
1111010110
1206 (base 9) to base 10
897
What is -15222 (base 10) in base 4?
-3231312
21302003 (base 4) to base 5
2240232
Convert 1222120 (base 4) to base 14.
26a4
-1029 (base 11) to base 7
-3654
What is -231000 (base 4) in base 16?
-b40
Convert 85 (base 11) to base 15.
63
What is -252631 (base 7) in base 5?
-2442441
1b79 (base 13) to base 12
24a4
Convert -3111 (base 5) to base 14.
-210
What is -101110110 (base 2) in base 4?
-11312
What is -23db (base 15) in base 5?
-221011
20201121 (base 3) to base 15
16bd
-10b1 (base 13) to base 16
-925
Convert -49cb (base 13) to base 9.
-15330
What is -23404 (base 5) in base 10?
-1729
What is 6ac (base 14) in base 3?
1211012
What is -103520 (base 6) in base 12?
-4ba0
What is 112221 (base 3) in base 4?
12103
What is 1616 (base 7) in base 15?
2d5
Convert 771 (base 8) to base 15.
23a
Convert -23100310 (base 4) to base 15.
-da07
What is -5626 (base 7) in base 4?
-133231
Convert -2423 (base 5) to base 7.
-1026
Convert -110111001 (base 2) to base 11.
-371
Convert -118 (base 16) to base 15.
-13a
-11035 (base 6) to base 11
-1176
What is -5a36 (base 13) in base 9?
-18403
What is 1011110 (base 2) in base 12?
7a
What is -405b (base 14) in base 8?
-25461
-11180 (base 9) to base 6
-54243
Convert 101110000000 (base 2) to base 10.
2944
What is -106c (base 13) in base 12?
-13a7
21431 (base 6) to base 12
1877
Convert -6214 (base 7) to base 3.
-2222021
What is -7055 (base 10) in base 11?
-5334
What is -121121 (base 3) in base 5?
-3243
What is 4b (base 13) in base 7?
120
Convert 10322110 (base 4) to base 13.
9205
1321031 (base 4) to base 3
101122022
5314 (base 9) to base 5
111101
What is 124 (base 10) in base 4?
1330
-1c35 (base 13) to base 10
-4269
Convert -324011 (base 5) to base 10.
-11131
Convert -4e6 (base 16) to base 9.
-1643
Convert -127 (base 15) to base 11.
-219
Convert -40354 (base 6) to base 3.
-21022021
What is -520 (base 7) in base 5?
-2014
202114 (base 5) to base 3
22222000
-21427 (base 10) to base 3
-1002101121
What is -505 (base 8) in base 6?
-1301
Convert -111010111 (base 2) to base 9.
-573
What is b08 (base 14) in base 11?
1698
1107 (base 9) to base 4
30301
-33404 (base 5) to base 11
-1